 803 a multiple of 74?
False
Is 384 a multiple of 12?
True
Is 417 a multiple of 25?
False
Is 1641 a multiple of 3?
True
Is 63 a factor of 197?
False
Is 14 a factor of 1593?
False
Does 22 divide 4741?
False
Is 141 a multiple of 35?
False
Is 5 a factor of 5610?
True
Does 39 divide 1579?
False
Does 16 divide 19094?
False
Is 12 a factor of 468?
True
Does 38 divide 3306?
True
Does 24 divide 1872?
True
Is 12 a factor of 3468?
True
Does 16 divide 1296?
True
Is 48 a factor of 666?
False
Is 111 a multiple of 8?
False
Does 13 divide 976?
False
Is 128 a multiple of 16?
True
Is 22578 a multiple of 109?
False
Is 87201 a multiple of 9?
True
Is 2067 a multiple of 53?
True
Is 43 a factor of 21973?
True
Does 4 divide 144?
True
Does 175 divide 1619?
False
Does 10 divide 137330?
True
Is 26 a factor of 26?
True
Does 11 divide 5071?
True
Does 8 divide 288?
True
Is 49 a factor of 4410?
True
Does 19 divide 11267?
True
Does 34 divide 67974?
False
Is 26269 a multiple of 44?
False
Is 95 a factor of 2945?
True
Does 25 divide 1375?
True
Is 3 a factor of 645?
True
Is 41 a factor of 369?
True
Is 528 a multiple of 22?
True
Is 10 a factor of 6250?
True
Is 6039 a multiple of 9?
True
Is 140 a factor of 22268?
False
Does 9 divide 1004?
False
Is 576 a multiple of 23?
False
Is 1342 a multiple of 124?
False
Does 110 divide 12987?
False
Does 12 divide 696?
True
Is 1977 a multiple of 26?
False
Does 7 divide 326?
False
Is 88 a factor of 440?
True
Does 10 divide 22102?
False
Does 21 divide 230?
False
Is 52 a factor of 6258?
False
Does 13 divide 221?
True
Does 9 divide 6852?
False
Does 29 divide 57?
False
Does 5 divide 3392?
False
Does 4 divide 49?
False
Does 5 divide 28?
False
Is 5 a factor of 4335?
True
Is 11635 a multiple of 65?
True
Does 219 divide 14775?
False
Is 7 a factor of 21210?
True
Is 73480 a multiple of 92?
False
Is 2825 a multiple of 25?
True
Is 61248 a multiple of 44?
True
Is 10264 a multiple of 198?
False
Does 155 divide 33961?
False
Is 116 a multiple of 57?
False
Does 20 divide 20040?
True
Is 898 a multiple of 4?
False
Is 392 even?
True
Is 2254 a multiple of 87?
False
Is 24 a factor of 5736?
True
Is 17 a factor of 17799?
True
Is 803 a multiple of 84?
False
Is 543 a multiple of 90?
False
Is 22 a factor of 3124?
True
Does 29 divide 1797?
False
Is 112 a factor of 21168?
True
Is 71 a factor of 4315?
False
Is 565 a multiple of 17?
False
Is 22562 a multiple of 58?
True
Does 32 divide 8832?
True
Is 40 a factor of 720?
True
Is 37 a factor of 4269?
False
Is 11 a factor of 69?
False
Is 790 a multiple of 52?
False
Does 19 divide 6919?
False
Is 36583 a multiple of 73?
False
Is 65 a factor of 6435?
True
Is 954 a multiple of 60?
False
Does 47 divide 6036?
False
Is 640 a multiple of 32?
True
Is 1441 a multiple of 8?
False
Is 14 a factor of 3570?
True
Is 5 a factor of 580?
True
Does 69 divide 1035?
True
Is 11 a factor of 414?
False
Does 194 divide 30051?
False
Is 81 a factor of 14742?
True
Is 377 a multiple of 15?
False
Is 3 a factor of 315?
True
Does 14 divide 2478?
True
Does 26 divide 27274?
True
Is 3617 a multiple of 2?
False
Does 5 divide 2357?
False
Does 48 divide 3312?
True
Is 4524 a multiple of 52?
True
Does 56 divide 1385?
False
Is 36452 a multiple of 35?
False
Is 62868 a multiple of 127?
False
Is 16 a factor of 169?
False
Does 49 divide 2268?
False
Is 106459 a multiple of 54?
False
Does 17 divide 14297?
True
Is 76396 a multiple of 269?
True
Does 100 divide 3700?
True
Does 49 divide 4508?
True
Is 37 a factor of 74?
True
Does 9 divide 132?
False
Does 27 divide 567?
True
Is 44 a factor of 1959?
False
Is 53 a factor of 1643?
True
Is 82 a factor of 534?
False
Does 82 divide 5494?
True
Does 10 divide 17010?
True
Does 3 divide 380?
False
Is 251 a multiple of 5?
False
Is 50 a factor of 3950?
True
Does 2 divide 155?
False
Is 6649 a multiple of 61?
True
Does 20 divide 4517?
False
Does 37 divide 24272?
True
Is 5 a factor of 4252?
False
Does 3 divide 83?
False
Is 134 a multiple of 3?
False
Is 3775 a multiple of 67?
False
Does 8 divide 13105?
False
Does 26 divide 650?
True
Is 13524 a multiple of 69?
True
Does 74 divide 9990?
True
Does 42 divide 546?
True
Is 13 a factor of 1770?
False
Does 19 divide 171?
True
Does 8 divide 10112?
True
Is 4340 a multiple of 48?
False
Is 43462 a multiple of 5?
False
Does 11 divide 4455?
True
Does 11 divide 8635?
True
Does 47 divide 28529?
True
Does 121 divide 14555?
False
Is 44 a factor of 484?
True
Does 9 divide 126?
True
Is 172 a factor of 9986?
False
Is 26 a factor of 32?
False
Does 9 divide 1512?
True
Is 11312 a multiple of 404?
True
Is 3 a factor of 624?
True
Is 7020 a multiple of 4?
True
Is 167 a factor of 2196?
False
Is 4644 a multiple of 6?
True
Is 3299 a multiple of 17?
False
Does 3 divide 1998?
True
Is 36 a factor of 1022?
False
Does 16 divide 314?
False
Does 6 divide 598?
False
Does 209 divide 103246?
True
Is 48 a factor of 192?
True
Is 16113 a multiple of 36?
False
Does 81 divide 4860?
True
Is 532 a multiple of 54?
False
Is 27244 a multiple of 49?
True
Is 50017 a multiple of 195?
False
Is 230 a factor of 24610?
True
Is 82 a factor of 66994?
True
Is 13 a factor of 2765?
False
Is 5 a factor of 41657?
False
Is 598 a multiple of 46?
True
Does 6 divide 17342?
False
Is 108 a multiple of 27?
True
Does 11 divide 1505?
False
Is 44 a factor of 1673?
False
Is 28 a factor of 84?
True
Does 100 divide 8953?
False
Does 14 divide 3654?
True
Does 61 divide 23546?
True
Is 23074 a multiple of 83?
True
Is 2860 a multiple of 26?
True
Is 2818 a multiple of 39?
False
Is 16 a factor of 4770?
False
Does 17 divide 1071?
True
Is 66 a multiple of 3?
True
Does 36 divide 324?
True
Is 8 a factor of 84?
False
Does 5 divide 77?
False
Is 1893 a multiple of 5?
False
Is 2015 a multiple of 29?
False
Is 15 a factor of 1031?
False
Does 31 divide 4835?
False
Is 11 a factor of 32373?
True
Is 185 a factor of 12100?
False
Is 1645 a multiple of 6?
False
Is 5992 a multiple of 14?
True
Does 6 divide 92?
False
Is 28510 a multiple of 35?
False
Does 15 divide 165?
True
Is 6431 a multiple of 59?
True
Is 399 a multiple of 7?
True
Is 7130 a multiple of 115?
True
Is 17300 a multiple of 160?
False
Is 23 a factor of 1679?
True
Does 120 divide 16800?
True
Is 48990 a multiple of 197?
False
Does 10 divide 870?
True
Is 4508 a multiple of 23?
True
Is 18 a factor of 996?
False
Is 5 a factor of 6144?
False
Does 81 divide 15552?
True
Does 4 divide 148?
True
Is 21 a factor of 2835?
True
Is 1533 a multiple of 73?
True
Does 13 divide 364?
True
Does 6 divide 754?
False
Is 53 a factor of 3074?
True
Is 101616 a multiple of 8?
True
Does 10 divide 600?
True
Is 15 a factor of 868?
False
Is 1613 a multiple of 8?
False
Is 4113 a multiple of 3?
True
Does 17 divide 2097?
False
Does 7 divide 743?
False
Is 55 a factor of 1140?
False
Is 11 a factor of 396?
True
Is 944 a multiple of 6?
False
Does 69 divide 483?
True
Is 544 a multiple of 34?
True
Is 2446 a multiple of 135?
False
Is 2898 a multiple of 21?
True
Is 69 a factor of 1311?
True
Is 4 a factor of 9177?
False
Is 47 a factor of 2914?
True
Does 38 divide 2964?
True
Is 29 a factor of 1749?
False
Does 79 divide 52693?
True
Does 16 divide 5008?
True
Is 1574 a multiple of 18?
False
Does 39 divide 468?
True
Does 14 divide 13173?
False
Is 23 a factor of 607?
False
Is 184 a factor of 13984?
True
Is 101007 a multiple of 9?
True
Is 13133 a multiple of 92?
False
Is 38980 a multiple of 18?
False
Does 11 divide 1122?
True
Is 632 a multiple of 26?
False
Is 2121 a multiple of 101?
True
Does 53 divide 1272?
True
Is 14 a multiple of 14?
True
Does 31 divide 465?
True
Is 1201 a multiple of 12?
False
Does 3 divide 122?
False
Does 20 divide 20128?
False
Does 168 divide 10576?
False
Is 6 a factor of 168?
True
Is 14254 a multiple of 8?
False
Is 66 a factor of 66?
True
Is 7827 a multiple of 17?
False
Is 78 a factor of 4083?
False
Is 26475 a multiple of 25?
True
Is 13117 a multiple of 90?
False
Does 3 divide 330?
True
Is 75 a factor of 1580?
False
Is 32 a factor of 16416?
True
Is 12 a factor of 223?
False
Does 106 divide 954?
True
Does 5 divide 1157?
False
Does 7 divide 1988?
True
Is 6 a factor of 1161?
False
Is 47264 a multiple of 224?
True
Is 8 a factor of 1536?
True
Does 6 divide 270?
True
Is 10 a factor of 2772?
False
Is 2 a factor of 110?
True
Is 25 a factor of 11000?
True
Does 10 div